{"id":1203,"date":"2015-08-02T21:23:58","date_gmt":"2015-08-02T19:23:58","guid":{"rendered":"https:\/\/www.my-it-brain.de\/wordpress\/?page_id=1203"},"modified":"2026-03-29T21:36:04","modified_gmt":"2026-03-29T19:36:04","slug":"artikel-und-vortraege","status":"publish","type":"page","link":"https:\/\/www.my-it-brain.de\/wordpress\/artikel-und-vortraege\/","title":{"rendered":"Vortr\u00e4ge, Artikel und weitere Arbeiten"},"content":{"rendered":"\n<h2 class=\"wp-block-heading\" id=\"talks\">Vortr\u00e4ge und Pr\u00e4sentationen<\/h2>\n\n\n\n<ul class=\"wp-block-list\">\n<li><a href=\"https:\/\/www.my-it-brain.de\/wordpress\/wp-content\/uploads\/2026\/03\/vortrag-it-support-handout.pdf\">Der Kunde l\u00fcgt immer. Und im Support kann niemand lesen.<\/a> <a href=\"https:\/\/chemnitzer.linux-tage.de\/2026\/en\/programm\/beitrag\/116\">Chemnitzer Linux-Tage 2026<\/a>. 2026-03-29. <a href=\"https:\/\/media.ccc.de\/v\/clt26-116-der-kunde-lugt-immer-und-im-support-kann-niemand-lesen\">Aufzeichnung<\/a>. <a href=\"https:\/\/www.my-it-brain.de\/wordpress\/wp-content\/uploads\/2026\/03\/vortrag-it-support-handout.pdf\">Vortrag als PDF<\/a>.<\/li>\n\n\n\n<li><a href=\"https:\/\/programm.froscon.org\/froscon2025\/talk\/95b2e097-449a-4c87-bb73-11cabc27352b\/\">Bootable Containers<\/a>. <a href=\"https:\/\/froscon.org\">FrOSCon 2025<\/a>. 2025-08-16. <a href=\"https:\/\/app.media.ccc.de\/v\/froscon2025-3245-bootable_containers\">Aufzeichnung<\/a>. <a href=\"https:\/\/www.my-it-brain.de\/wordpress\/bootable-containers-froscon-2025\/\">Vortrag als PDF<\/a>.<\/li>\n\n\n\n<li><a href=\"https:\/\/chemnitzer.linux-tage.de\/2024\/de\/programm\/beitrag\/178\">Mit Ansible Collections &amp; Workflows gegen das Playbook-Chaos<\/a>. <a href=\"https:\/\/chemnitzer.linux-tage.de\">Chemnitzer Linux-Tage<\/a>. 2024-03-17.<\/li>\n\n\n\n<li><a href=\"https:\/\/chemnitzer.linux-tage.de\/2024\/de\/programm\/beitrag\/243\">::1<\/a>. <a href=\"https:\/\/chemnitzer.linux-tage.de\">Chemnitzer Linux-Tage<\/a>. 2024-03-16.<\/li>\n\n\n\n<li>The Power of Podman &#8211; A Journey to containerized Applications. Gemeinschaftsvortrag mit Steffen Fr\u00f6mer auf dem <a href=\"https:\/\/www.redhat.com\/en\/summit\/connect\/emea\/darmstadt-2023#agenda\">Red Hat Summit: Connect Darmstadt<\/a>. 2023-11-30.<\/li>\n\n\n\n<li><a href=\"https:\/\/www.my-it-brain.de\/wordpress\/wp-content\/uploads\/2023\/03\/Warum_man_nicht_in_der_IT_arbeiten_sollte.pdf\">Warum man nicht in der IT arbeiten sollte<\/a>. Gemeinschaftsvortrag mit Dirk Deimeke und Sujeevan Vijayakumaran w\u00e4hrend der <a href=\"https:\/\/chemnitzer.linux-tage.de\/2023\/de\/programm\/beitrag\/156\">Chemnitzer Linux-Tage 2023<\/a>. 2023-03-12. <a href=\"https:\/\/media.ccc.de\/v\/clt23-156-warum-man-nicht-in-der-it-arbeiten-sollte-und-warum-wir-es-trotzdem-tun\">Link zur Aufzeichnung<\/a>.<\/li>\n\n\n\n<li><a href=\"https:\/\/www.my-it-brain.de\/wordpress\/wp-content\/uploads\/2023\/03\/Handout_Einstieg_in_die_Automatisierung_mit_Ansible.pdf\">Einstieg in die Automatisierung mit Ansible<\/a>. Vortag w\u00e4hrend der <a href=\"https:\/\/chemnitzer.linux-tage.de\/2023\/de\/programm\/beitrag\/110\">Chemnitzer Linux-Tage 2023<\/a>. 2023-03-12. <a href=\"https:\/\/media.ccc.de\/v\/clt23-110-einstieg-in-die-automatisierung-mit-ansible\">Link zur Aufzeichnung<\/a>.<\/li>\n\n\n\n<li><a href=\"https:\/\/www.my-it-brain.de\/Vortrag_Ansible_and_Roles_2022-11-15\/Vortrag-Ansible-and-Roles.html\">Ansible Releases and Roles (Pr\u00e4sentation im HTML-Format)<\/a>. Wissenstransfer im BITS der Universit\u00e4t Bielefeld. 2022-11-15.<\/li>\n\n\n\n<li><a href=\"https:\/\/events.experiences.redhat.com\/widget\/redhat\/rhaf22\/SessionCatalog2022\/session\/1657709718639001x5Up\">Easing into automation with Ansible<\/a>. AnsibleFest 2022 On demand session. 2022-10.<\/li>\n\n\n\n<li><a href=\"https:\/\/www.my-it-brain.de\/Ansible-Einfuehrung_2022-04-28\/index.xhtml\">Einf\u00fchrung in Ansible (Pr\u00e4sentation im XHTML-Format)<\/a>. BITS-Knowledge-Transfer der Universit\u00e4t Bielefeld. 2022-04-28.<\/li>\n\n\n\n<li><a href=\"https:\/\/www.linuxday.at\/was-ist-ein-docker\">Was ist ein Docker?<\/a> Linux Day AT (online). 2021-10-16.<\/li>\n\n\n\n<li><a href=\"https:\/\/www.linuxday.at\/mehr-spass-beim-ausprobieren-dank-virtualisierung\">Mehr Spa\u00df beim Ausprobieren dank Virtualisierung<\/a>. Linux Day AT in der HTL Dornbirn. 2019-10-19.<\/li>\n\n\n\n<li><a href=\"https:\/\/www.my-it-brain.de\/wordpress\/wp-content\/uploads\/2021\/11\/2021-06-23_Vortrag_Handout_Linux-Container-Architektur-und-Anwendungsfaelle.pdf\">Linux-Container-Architektur und -Anwendungsf\u00e4lle<\/a> (PDF). Vortrag im BITS der Uni Bielefeld. 2021-06-23.<\/li>\n\n\n\n<li><a href=\"https:\/\/www.my-it-brain.de\/wordpress\/wp-content\/uploads\/2021\/11\/2021-06-16_Vortrag_Handout_Linux-Container-Terminologie.pdf\">Linux-Container-Terminologie<\/a> (PDF). Vortrag im BITS der Uni Bielefeld. 2021-06-16.<\/li>\n\n\n\n<li><a href=\"https:\/\/www.my-it-brain.de\/wordpress\/wp-content\/uploads\/2018\/03\/Vortrag_CLT2018_Webseiten_mit_HTTPS_und_HSTS.pdf\">Webseiten mit HTTPS und HSTS<\/a> (PDF). Chemnitzer Linux Tage. 2018-03-10.<\/li>\n\n\n\n<li><a href=\"https:\/\/www.my-it-brain.de\/wordpress\/wp-content\/uploads\/2017\/12\/Vortrag_LinuxDayAT_Webseiten_mit_HTTPS_HSTS_und_HPKP.pdf\">Webseiten mit HTTPS bereitstellen und mit HPKP sichern<\/a> (PDF). Linux Day AT in der HTL Dornbirn. 2017-12-02.<\/li>\n\n\n\n<li><a href=\"https:\/\/uni-bielefeld.sciebo.de\/index.php\/s\/GdFEcwL6mZPyucV\">Einf\u00fchrung in Ansible (Pr\u00e4sentation im XHTML-Format)<\/a>. OpenRheinRuhr. Oberhausen. 2017-11-04.<\/li>\n\n\n\n<li><a href=\"https:\/\/www.my-it-brain.de\/wordpress\/wp-content\/uploads\/2017\/12\/Vortrag_LinuxDayAT_Webseiten_mit_HTTPS_HSTS_und_HPKP.pdf\">Webseiten mit HTTPS bereitstellen und mit HPKP sichern<\/a> (PDF). BITS-Knowledge-Transfer der Universit\u00e4t Bielefeld. 2017-10-26.<\/li>\n\n\n\n<li><a href=\"https:\/\/www.my-it-brain.de\/wordpress\/wp-content\/uploads\/2015\/08\/2015-08-05_KnowHow_Transfer_VDI_mit_Handout.pdf\">Virtual Desktop Infrastructure (VDI)<\/a> (PDF). KnowHow-Transfer im Hochschulrechenzentrum der Universit\u00e4t Bielefeld. 2015-08-05.<\/li>\n\n\n\n<li><a href=\"https:\/\/www.my-it-brain.de\/wordpress\/wp-content\/uploads\/2015\/08\/Vortrag_Joerg_Kastning_final.pdf\">Ein zeitgem\u00e4\u00dfer PaaS\/IaaS Dienst f\u00fcr die Universit\u00e4t Bielefeld<\/a> (PDF). Hochschulrechenzentrum der Universit\u00e4t Bielefeld. 2014-10-14.<\/li>\n<\/ul>\n\n\n\n<h2 class=\"wp-block-heading\" id=\"papers\">Weitere Arbeiten<\/h2>\n\n\n\n<ul class=\"wp-block-list\">\n<li><a href=\"https:\/\/www.my-it-brain.de\/wordpress\/wp-content\/uploads\/2016\/08\/TLS-Kochbuch.pdf\">TLS-Kochbuch &#8211; Rezepte f\u00fcr die Verwendung von OpenSSL, HTTP Strict Transport Security (HSTS) und HTTP Public Key Pinning (HPKP)<\/a> (PDF). 2016-08-09.<\/li>\n\n\n\n<li><a href=\"https:\/\/www.my-it-brain.de\/wordpress\/wp-content\/uploads\/2016\/07\/Certificate_Pinning_mit_NGINX.pdf\">Certificate Pinning mit NGINX<\/a> (PDF). 2016-01-09.<\/li>\n\n\n\n<li><a href=\"https:\/\/www.my-it-brain.de\/wordpress\/wp-content\/uploads\/2015\/03\/Joerg_Kastning_Bachelorthesis.pdf\">Erstellung eines Konzepts zur Minimierung von Kosten und Ausfallzeiten im Rechenzentrum<\/a> (PDF). 2014. Bachelorthesis im Studiengang Angewandte Informatik. <a href=\"https:\/\/www.wb-fernstudium.de\/\">Wilhelm B\u00fcchner Hochschule<\/a>. <\/li>\n<\/ul>\n\n\n\n<h2 class=\"wp-block-heading\" id=\"enablesysadm\">Englische Artikel ver\u00f6ffentlicht bei Enable Sysadmin, FOSSlife, Open Sourcerers und auf dem Red Hat Blog<\/h2>\n\n\n\n<p>Seit Mitte 2019 schreibe ich in unregelm\u00e4\u00dfigen Abst\u00e4nden englischsprachige Artikel zu Linux-Themen f\u00fcr verschiedene Formate. Eine \u00dcbersicht dieser Artikel findet sich hier in umgekehrt chronologischer Reihenfolge.<\/p>\n\n\n\n<ul class=\"wp-block-list\">\n<li><a href=\"https:\/\/access.redhat.com\/articles\/7129267\">How to query the Red Hat Insights API for Red Hat Enterprise Linux Application Streams life cycle information?<\/a>. Red Hat Knowledge Base. 2025-08-14.<\/li>\n\n\n\n<li><a href=\"https:\/\/developers.redhat.com\/articles\/2025\/05\/21\/how-stay-informed-real-time-system-performance\">How to stay informed with Red Hat status notifications<\/a>. <a href=\"https:\/\/developers.redhat.com\/\">Red Hat Developer<\/a>. 2025-05-21.<\/li>\n\n\n\n<li><a href=\"https:\/\/developers.redhat.com\/articles\/2025\/03\/12\/how-build-deploy-and-manage-image-mode-rhel\">How to build, deploy, and manage image mode for RHEL<\/a>. <a href=\"https:\/\/developers.redhat.com\/\">Red Hat Developer<\/a>. 2025-03-12.<\/li>\n\n\n\n<li><a href=\"https:\/\/www.opensourcerers.org\/2024\/04\/22\/proof-of-concept-use-ansible-to-manage-the-advanced-intrusion-detection-environment-aide\/\">Proof of Concept: Use Ansible to manage the Advanced Intrusion Detection Environment (AIDE)<\/a>. <a href=\"https:\/\/www.opensourcerers.org\/\">Open &lt;\/&gt; Sourcerers<\/a>. 2024-04-22.<\/li>\n\n\n\n<li><a href=\"https:\/\/www.opensourcerers.org\/2024\/04\/15\/introduction-to-the-advanced-intrusion-detection-environment-aide\/\">Introduction to the Advanced Intrusion Detection Environment (AIDE)<\/a>. <a href=\"https:\/\/www.opensourcerers.org\/\">Open &lt;\/&gt; Sourcerers<\/a>. 2024-04-15.<\/li>\n\n\n\n<li><a href=\"https:\/\/www.redhat.com\/en\/blog\/remote-host-configuration-and-management-rhel\">Remote host configuration and management for Red Hat Enterprise Linux<\/a>. Red Hat Blog. 2023-09-20.<\/li>\n\n\n\n<li><a href=\"https:\/\/www.opensourcerers.org\/2023\/09\/04\/automatically-update-containers-with-podman-auto-update\/\">Automatically update containers with podman-auto-update<\/a>. <a href=\"https:\/\/www.opensourcerers.org\/\">Open &lt;\/&gt; Sourcerers<\/a>. 2023-09-04.<\/li>\n\n\n\n<li><a href=\"https:\/\/www.redhat.com\/en\/blog\/proactive-support-cases\">Proactive support cases: Your safety net when things go wrong<\/a>. Red Hat Blog. 2023-08-09.<\/li>\n\n\n\n<li><a href=\"https:\/\/www.redhat.com\/sysadmin\/podman-favorite-features\">My 3 favorite Podman features<\/a>. Enable Sysadmin. 2022-10-05.<\/li>\n\n\n\n<li><a href=\"https:\/\/www.redhat.com\/sysadmin\/what-red-hat-accelerators\">What is the Red Hat Accelerators program and why might you want to join?<\/a>. Enable Sysadmin. 2022-02-25.<\/li>\n\n\n\n<li><a href=\"https:\/\/www.redhat.com\/sysadmin\/sysadmin-tech-remote-work\">Sysadmin life: How I set up my remote office hardware and software<\/a>. Enable Sysadmin. 2022-02-22.<\/li>\n\n\n\n<li><a href=\"https:\/\/www.redhat.com\/sysadmin\/migrate-database-container\">6 steps for migrating a PostgreSQL database between containers<\/a>. Enable Sysadmin. 2022-02-18.<\/li>\n\n\n\n<li><a href=\"https:\/\/www.redhat.com\/sysadmin\/top-security-articles-2021\">Top 10 Linux security tutorials for sysadmins from 2021<\/a>. Enable Sysadmin. 2022-01-06.<\/li>\n\n\n\n<li><a href=\"https:\/\/www.redhat.com\/sysadmin\/find-non-expiring-passwords\">Audit user accounts for never-expiring passwords with a Bash script<\/a>. Enable Sysadmin. 2021-09-13.<\/li>\n\n\n\n<li><a href=\"https:\/\/www.redhat.com\/sysadmin\/bash-script-configure-ssh\">Edit sshd_config using a Bash script<\/a>. Enable Sysadmin. 2021-08-25.<\/li>\n\n\n\n<li><a href=\"https:\/\/www.redhat.com\/sysadmin\/selinux-enforcing-mode-ansible\">Set SELinux enforcing mode with Ansible<\/a>. Enable Sysadmin. 2021-08-05.<\/li>\n\n\n\n<li><a href=\"https:\/\/www.redhat.com\/sysadmin\/ansible-chrony-daemon\">Configure your Chrony daemon with an Ansible playbook<\/a>. Enable Sysadmin. 2021-07-29.<\/li>\n\n\n\n<li><a href=\"https:\/\/www.fosslife.org\/authorization-basics\">Authorization Basics<\/a>. FOSSlife. 2021-07-21.<\/li>\n\n\n\n<li><a href=\"https:\/\/www.redhat.com\/sysadmin\/ever-evolving-role-sysadmin\">The ever-evolving IT job role: system administrator<\/a>. Enable Sysadmin. 2021-07-08.<\/li>\n\n\n\n<li><a href=\"https:\/\/www.fosslife.org\/authentication-basics\">What is Authentication?<\/a>. FOSSlife. 2021-06-09.<\/li>\n\n\n\n<li><a href=\"https:\/\/www.redhat.com\/sysadmin\/pki-protection\">Exploring PKI weaknesses and how to combat them<\/a>. Enable Sysadmin. 2021-05-07.<\/li>\n\n\n\n<li><a href=\"https:\/\/www.redhat.com\/sysadmin\/users\/joerg-kastning\">How to use OpenSSL and the Internet PKI on Linux systems<\/a>. Enable Sysadmin. 2021-04-01.<\/li>\n\n\n\n<li><a href=\"https:\/\/www.redhat.com\/sysadmin\/ansible-automate-updates-home\">How I used Ansible to automate updates at home<\/a>. Enable Sysadmin. 2021-03-11.<\/li>\n\n\n\n<li><a href=\"https:\/\/www.redhat.com\/sysadmin\/world-linux-containers\">6 resources and 3 tips to help you enter the world of Linux containers<\/a>. Enable Sysadmin. 2021-02-24.<\/li>\n\n\n\n<li><a href=\"https:\/\/www.redhat.com\/sysadmin\/basic-concepts-encryption-cryptography\">Basic concepts of encryption in cryptography<\/a>. Enable Sysadmin. 2021-02-11.<\/li>\n\n\n\n<li><a href=\"https:\/\/www.redhat.com\/sysadmin\/timewarrior-command-line\">Tracking time with Timewarrior at the command line<\/a>. Enable Sysadmin. 2020-10-01.<\/li>\n\n\n\n<li><a href=\"https:\/\/www.redhat.com\/sysadmin\/how-acquire-server\">How to acquire Linux server hardware and put it into production<\/a>. Enable Sysadmin. 2020-09-14.<\/li>\n\n\n\n<li><a href=\"https:\/\/www.redhat.com\/sysadmin\/team-distributes-work\">Sysadmin careers: How my team distributes work over holidays, nights, and weekends<\/a>. Enable Sysadmin. 2020-08-13.<\/li>\n\n\n\n<li><a href=\"https:\/\/www.redhat.com\/sysadmin\/install-ansible-way\">Add a repo and install a package the Ansible way<\/a>. Enable Sysadmin. 2020-08-04.<\/li>\n\n\n\n<li><a href=\"https:\/\/www.redhat.com\/sysadmin\/red-hat-insights-compliance\">Red Hat Insights: compliance<\/a>. Enable Sysadmin. 2020-07-24.<\/li>\n\n\n\n<li><a href=\"https:\/\/www.redhat.com\/sysadmin\/insights-vulnerability-management\">Red Hat Insights: Vulnerability management<\/a>. Enable Sysadmin. 2020-07-21.<\/li>\n\n\n\n<li><a href=\"https:\/\/www.redhat.com\/sysadmin\/insights-advisor\">My first look at Red Hat Insights: Advisor<\/a>. Enable Sysadmin. 2020-07-17.<\/li>\n\n\n\n<li><a href=\"https:\/\/www.redhat.com\/sysadmin\/introduction-red-hat-insights\">Introduction to Red Hat Insights<\/a>. Enable Sysadmin. 2020-07-14.<\/li>\n\n\n\n<li><a href=\"https:\/\/www.redhat.com\/sysadmin\/backups-saved-day\">Linux stories: When backups saved the day<\/a>. Enable Sysadmin. 2020-05-07.<\/li>\n\n\n\n<li><a href=\"https:\/\/www.redhat.com\/sysadmin\/firewall-exception-testing\">A hole in one: Firewall exception testing and troubleshooting<\/a>. Enable Sysadmin. 2020-04-14.<\/li>\n\n\n\n<li><a href=\"https:\/\/www.redhat.com\/sysadmin\/introduction-diff-command\">An introduction to the diff command<\/a>. Enable Sysadmin. 2020-04-02.<\/li>\n\n\n\n<li><a href=\"https:\/\/www.redhat.com\/sysadmin\/my-day\">What my day looks like as a sysadmin<\/a>. Enable Sysadmin. 2020-03-05.<\/li>\n\n\n\n<li><a href=\"https:\/\/www.redhat.com\/sysadmin\/my-sysadmin-career-story\">My sysadmin career story<\/a>. Enable Sysadmin. 2020-02-18.<\/li>\n\n\n\n<li><a href=\"https:\/\/www.redhat.com\/sysadmin\/how-mirror-repository\">How to mirror a repository in Linux<\/a>. Enable Sysadmin. 2020-02-03.<\/li>\n\n\n\n<li><a href=\"https:\/\/www.redhat.com\/sysadmin\/easing-automation-ansible\">Easing into automation with Ansible<\/a>. Enable Sysadmin. 2019-09-19.<\/li>\n\n\n\n<li><a href=\"https:\/\/www.redhat.com\/sysadmin\/dns-configuration-ansible\">DNS configuration with Ansible<\/a>. Enable Sysadmin. 2019-09-02.<\/li>\n\n\n\n<li><a href=\"https:\/\/www.redhat.com\/sysadmin\/register-rhel-attach-subscription-ansible\">Register Red Hat Enterprise Linux and attach a subscription with Ansible<\/a>. Enable Sysadmin. 2019-08-29.<\/li>\n\n\n\n<li><a href=\"https:\/\/www.redhat.com\/sysadmin\/ansible-it-automation-everybody\">Ansible: IT automation for everybody<\/a>. Enable Sysadmin. 2019-07-31.<\/li>\n\n\n\n<li><a href=\"https:\/\/www.redhat.com\/sysadmin\/introduction-path-units\">A brief introduction to path units<\/a>. Enable Sysadmin. 2019-07-12.<\/li>\n<\/ul>\n\n\n\n<h2 class=\"wp-block-heading\" id=\"ikhaya\">Ikhaya-Artikel<\/h2>\n\n\n\n<ul class=\"wp-block-list\">\n<li><a href=\"https:\/\/ikhaya.ubuntuusers.de\/2016\/03\/24\/ubuntu-advantage\/\">[Kwami] Ubuntu Advantage<\/a>. 2016-03-24.<\/li>\n\n\n\n<li><a href=\"https:\/\/ikhaya.ubuntuusers.de\/2016\/03\/05\/sciebo-die-science-box\/\">Sciebo &#8211; Die Science Box<\/a>. 2016-03-05.<\/li>\n\n\n\n<li><a href=\"http:\/\/ikhaya.ubuntuusers.de\/2015\/02\/12\/projektvorstellung-raspi-sht21\/\">Projektvorstellung: Raspi-SHT21<\/a>. 2015-02-12.<\/li>\n\n\n\n<li><a href=\"http:\/\/ikhaya.ubuntuusers.de\/2014\/10\/11\/artikelwettbewerb-freifunk-denn-freie-netze-nutzen-uns-allen\/\">[Artikelwettbewerb] Freifunk &#8211; Denn freie Netze nutzen uns allen<\/a>. 2014-10-11.<\/li>\n\n\n\n<li><a href=\"http:\/\/ikhaya.ubuntuusers.de\/2014\/10\/10\/der-raspberry-pi-im-professionellen-einsatz\">[Artikelwettbewerb] Der Raspberry Pi im professionellen Einsatz<\/a>. 2014-10-10.<\/li>\n<\/ul>\n","protected":false},"excerpt":{"rendered":"<p>Vortr\u00e4ge und Pr\u00e4sentationen Weitere Arbeiten Englische Artikel ver\u00f6ffentlicht bei Enable Sysadmin, FOSSlife, Open Sourcerers und auf dem Red Hat Blog Seit Mitte 2019 schreibe ich in unregelm\u00e4\u00dfigen Abst\u00e4nden englischsprachige Artikel zu Linux-Themen f\u00fcr verschiedene Formate. Eine \u00dcbersicht dieser Artikel findet sich hier in umgekehrt chronologischer Reihenfolge. Ikhaya-Artikel<\/p>\n","protected":false},"author":1,"featured_media":0,"parent":0,"menu_order":0,"comment_status":"open","ping_status":"open","template":"page-templates\/full-width.php","meta":{"_metis_text_type":"standard","_metis_text_length":6789,"_post_count":0,"footnotes":""},"class_list":["post-1203","page","type-page","status-publish","hentry"],"public_identification_id":"d440bbd60944470fbaa9d3db9e96b31c","private_identification_id":"df739d3698c44b878371aff9404a1e01","_links":{"self":[{"href":"https:\/\/www.my-it-brain.de\/wordpress\/wp-json\/wp\/v2\/pages\/1203","targetHints":{"allow":["GET"]}}],"collection":[{"href":"https:\/\/www.my-it-brain.de\/wordpress\/wp-json\/wp\/v2\/pages"}],"about":[{"href":"https:\/\/www.my-it-brain.de\/wordpress\/wp-json\/wp\/v2\/types\/page"}],"author":[{"embeddable":true,"href":"https:\/\/www.my-it-brain.de\/wordpress\/wp-json\/wp\/v2\/users\/1"}],"replies":[{"embeddable":true,"href":"https:\/\/www.my-it-brain.de\/wordpress\/wp-json\/wp\/v2\/comments?post=1203"}],"version-history":[{"count":37,"href":"https:\/\/www.my-it-brain.de\/wordpress\/wp-json\/wp\/v2\/pages\/1203\/revisions"}],"predecessor-version":[{"id":4327,"href":"https:\/\/www.my-it-brain.de\/wordpress\/wp-json\/wp\/v2\/pages\/1203\/revisions\/4327"}],"wp:attachment":[{"href":"https:\/\/www.my-it-brain.de\/wordpress\/wp-json\/wp\/v2\/media?parent=1203"}],"curies":[{"name":"wp","href":"https:\/\/api.w.org\/{rel}","templated":true}]}}